{"id":3963,"date":"2020-03-02T11:44:00","date_gmt":"2020-03-02T10:44:00","guid":{"rendered":"http:\/\/incident.net\/v9\/?post_type=portfolio&#038;p=3963"},"modified":"2020-06-07T12:15:21","modified_gmt":"2020-06-07T10:15:21","slug":"karen-dermineur","status":"publish","type":"portfolio","link":"https:\/\/incident.net\/?portfolio=karen-dermineur","title":{"rendered":"Karen Dermineur"},"content":{"rendered":"\n<p>Karen Dermineur est n\u00e9e en 1971 \u00e0 Paris, elle vit et travaille \u00e0 Saint-Nazaire-le-D\u00e9sert (Dr\u00f4me) depuis plusieurs ann\u00e9es.<\/p>\n\n\n\n<p>Plasticienne du r\u00e9seau, elle est auteur multim\u00e9dia et commissaire ind\u00e9pendante d&rsquo;expositions et d&rsquo;\u00e9v\u00e9nements sur la cr\u00e9ation num\u00e9rique, et auteur de r\u00e9flexions sur l&rsquo;art et les technologies num\u00e9riques.<\/p>\n\n\n\n<p>En 1996, elle co-onde la plateforme de netart \u00ab\u00a0incident.net\u00a0\u00bb et l&rsquo;association \u00ab\u00a0Incident (Art et Technologies)\u00a0\u00bb.<br> Invit\u00e9e en 2002 et en 2004 par la Biennale d&rsquo;art contemporain de Dakar (Dak&rsquo;Art) \u00e0 coordonner avec Sylviane Diop un forum sur l&rsquo;art num\u00e9rique, elle fonde avec cette derni\u00e8re \u00ab\u00a0GawLab\u00a0\u00bb en 2006.<br> En 2008, elle cr\u00e9e l&rsquo;antenne dakaroise du r\u00e9seau \u00ab\u00a0Upgrade! International\u00a0\u00bb, et met en place des ateliers de formation et de cr\u00e9ation autour du num\u00e9rique et de l&rsquo;interactivit\u00e9 (pure data).<br> En 2010, elle co-fonde \u00ab\u00a0D\u00e9sert Num\u00e9rique\u00a0\u00bb, et organise chaque ann\u00e9e un festival d&rsquo;art num\u00e9rique et des projets d&rsquo;\u00e9ducation artistique (ateliers d&rsquo;exp\u00e9rimentation et de cr\u00e9ation num\u00e9rique \u00e0 l&rsquo;attention des enfants des \u00e9coles primaires) en milieu rural isol\u00e9.<br> En 2013, elle est invit\u00e9e par MCD (Musiques &amp; cultures digitales) en tant que r\u00e9dactrice en chef du magazine hors-s\u00e9rie \u00ab\u00a0Digitale Afrique\u00a0\u00bb, o\u00f9 elle trace un \u00e9tat des lieux du num\u00e9rique sur le continent africain.<\/p>\n","protected":false},"excerpt":{"rendered":"<p>Karen Dermineur est n\u00e9e en 1971 \u00e0 Paris, elle vit et travaille \u00e0 Saint-Nazaire-le-D\u00e9sert (Dr\u00f4me) depuis plusieurs ann\u00e9es. Plasticienne du r\u00e9seau, elle est auteur multim\u00e9dia et commissaire ind\u00e9pendante d&rsquo;expositions et d&rsquo;\u00e9v\u00e9nements sur la cr\u00e9ation num\u00e9rique, et auteur de r\u00e9flexions sur l&rsquo;art et les technologies num\u00e9riques. En 1996, elle co-onde la plateforme de netart \u00ab\u00a0incident.net\u00a0\u00bb et&hellip;<\/p>\n","protected":false},"author":1,"featured_media":3964,"template":"","meta":[],"portfolio_category":[31,22],"portfolio_tag":[],"_links":{"self":[{"href":"https:\/\/incident.net\/index.php?rest_route=\/wp\/v2\/portfolio\/3963"}],"collection":[{"href":"https:\/\/incident.net\/index.php?rest_route=\/wp\/v2\/portfolio"}],"about":[{"href":"https:\/\/incident.net\/index.php?rest_route=\/wp\/v2\/types\/portfolio"}],"author":[{"embeddable":true,"href":"https:\/\/incident.net\/index.php?rest_route=\/wp\/v2\/users\/1"}],"version-history":[{"count":9,"href":"https:\/\/incident.net\/index.php?rest_route=\/wp\/v2\/portfolio\/3963\/revisions"}],"predecessor-version":[{"id":4704,"href":"https:\/\/incident.net\/index.php?rest_route=\/wp\/v2\/portfolio\/3963\/revisions\/4704"}],"wp:featuredmedia":[{"embeddable":true,"href":"https:\/\/incident.net\/index.php?rest_route=\/wp\/v2\/media\/3964"}],"wp:attachment":[{"href":"https:\/\/incident.net\/index.php?rest_route=%2Fwp%2Fv2%2Fmedia&parent=3963"}],"wp:term":[{"taxonomy":"portfolio_category","embeddable":true,"href":"https:\/\/incident.net\/index.php?rest_route=%2Fwp%2Fv2%2Fportfolio_category&post=3963"},{"taxonomy":"portfolio_tag","embeddable":true,"href":"https:\/\/incident.net\/index.php?rest_route=%2Fwp%2Fv2%2Fportfolio_tag&post=3963"}],"curies":[{"name":"wp","href":"https:\/\/api.w.org\/{rel}","templated":true}]}}

<p>Karen Dermineur est née en 1971 à Paris, elle vit et travaille à Saint-Nazaire-le-Désert (Drôme) depuis plusieurs années.</p>



<p>Plasticienne du réseau, elle est auteur multimédia et commissaire indépendante d&rsquo;expositions et d&rsquo;événements sur la création numérique, et auteur de réflexions sur l&rsquo;art et les technologies numériques.</p>



<p>En 1996, elle co-onde la plateforme de netart « incident.net » et l&rsquo;association « Incident (Art et Technologies) ».<br> Invitée en 2002 et en 2004 par la Biennale d&rsquo;art contemporain de Dakar (Dak&rsquo;Art) à coordonner avec Sylviane Diop un forum sur l&rsquo;art numérique, elle fonde avec cette dernière « GawLab » en 2006.<br> En 2008, elle crée l&rsquo;antenne dakaroise du réseau « Upgrade! International », et met en place des ateliers de formation et de création autour du numérique et de l&rsquo;interactivité (pure data).<br> En 2010, elle co-fonde « Désert Numérique », et organise chaque année un festival d&rsquo;art numérique et des projets d&rsquo;éducation artistique (ateliers d&rsquo;expérimentation et de création numérique à l&rsquo;attention des enfants des écoles primaires) en milieu rural isolé.<br> En 2013, elle est invitée par MCD (Musiques &amp; cultures digitales) en tant que rédactrice en chef du magazine hors-série « Digitale Afrique », où elle trace un état des lieux du numérique sur le continent africain.</p>

<p>Karen Dermineur est née en 1971 à Paris, elle vit et travaille à Saint-Nazaire-le-Désert (Drôme) depuis plusieurs années. Plasticienne du réseau, elle est auteur multimédia et commissaire indépendante d&rsquo;expositions et d&rsquo;événements sur la création numérique, et auteur de réflexions sur l&rsquo;art et les technologies numériques. En 1996, elle co-onde la plateforme de netart « incident.net » et&hellip;</p>
